3099 = -2*p + 3*r. What is the units digit of p?
1
Let l(x) = 4*x**3 - 4*x**2 + 7*x - 1. Let o be l(4). Let k = o + -109. What is the hundreds digit of k?
1
Suppose 0 = 4*y - 20. Suppose -y*d - o + 4 = -7, 4*o = 4. Suppose 23 = 3*l + d*l + 4*x, 2*l - 3*x = 0. What is the units digit of l?
3
Let q(f) = 6*f**2 + 20. What is the thousands digit of q(13)?
1
Let a = -5 + 8. Suppose -w - 2*w = 3*l + 18, -a*w = 15. Let t(f) = -29*f. What is the units digit of t(l)?
9
Let j = 799 - 669. What is the tens digit of j?
3
Let w = -364 - -419. Let s(m) = -m**3 + 9*m**2 - 8*m + 11. Let q be s(8). Let f = w + q. What is the units digit of f?
6
Suppose 0 = -3*a + a + 8. Suppose -w = -2*x - 11, 3*w - a*w + 14 = -3*x. Suppose w*q + 0*q + 2*s - 79 = 0, s = -2*q + 31. What is the tens digit of q?
1
Let q(l) = 134*l - 3. Let w be q(-1). What is the tens digit of 10/(-15) + 1 + w/(-3)?
4
Suppose -4*k + 13 = -v, -6*v + 2*v - 12 = 4*k. Let q(b) = -2*b**2 + 2*b**k + 11 - 9*b**2 - 9*b - 2 + b**3. What is the tens digit of q(10)?
1
Suppose 25*l = 22*l + 60. Suppose 9 + l = x. What is the units digit of x?
9
Suppose 0 = -h + 50. What is the units digit of (-3)/(-4 + 198/h)?
5
Let d = 222 - 13. Let h = d + -71. What is the hundreds digit of h?
1
Let w(k) = -13 + 13 + 58*k. What is the tens digit of w(1)?
5
Suppose 4*g + h = -2*h + 14, -3*g + 4 = -h. Suppose -n = 4*c - 560 + 9, 0 = -2*n - g. What is the hundreds digit of c?
1
Suppose m - 3*y - 14 = 0, 5*y - 56 = -0*m - 3*m. Suppose -q = -m + 14. Let i(x) = x**3 + x**2 - 4*x. What is the tens digit of i(q)?
2
Let m be 1/(-1)*6/(-2). Suppose -m*n = -0*n - 4*l - 161, -4*l - 20 = 0. What is the tens digit of n?
4
Suppose 0 = -t - 3*t + 768. Let m = t - 137. What is the units digit of m?
5
Let x be (-20)/20*10/(-2). Suppose 0 = -j + x*j - 96. What is the tens digit of j?
2
What is the units digit of (-9 - -40)*(1 - 0)?
1
Suppose 7*l = 13 + 22. Let f(w) = w**2 + 6*w - 16. What is the units digit of f(l)?
9
Let k(l) = -90*l + 132. What is the tens digit of k(-4)?
9
Let m = -534 - -1607. What is the thousands digit of m?
1
Let b = 300 - 130. Suppose 0 = -f + 4*g + b, 0 = -4*f + 6*g - 2*g + 656. Suppose -9*c + f = -162. What is the units digit of c?
6
What is the units digit of 622/(-2 - (-13)/6)?
2
Let d = -24 + 6. Let n = d + 36. What is the tens digit of n?
1
Let y(a) = -a + 14. Let q(z) = 3*z - 29. Let p(k) = -6*q(k) - 11*y(k). What is the tens digit of p(-7)?
6
Suppose 14*q = -33*q + 16403. What is the units digit of q?
9
Suppose 0 = -3*y - 2*y - 3*b + 14793, -6*b = 4*y - 11820. What is the tens digit of y?
6
Suppose -40*b - 24*b = -170560. What is the thousands digit of b?
2
Let q = -4 - -32. What is the units digit of 4/(-1)*(-196)/q?
8
Let i be (-15)/(-10)*172/6. Let q = -7 + i. What is the tens digit of q?
3
Suppose 2*a = -2, -a = g - 231 + 32. What is the units digit of g?
0
Let a(d) = 3*d - 1. Let z be a(-8). Let b = z - -20. Let u = b + 16. What is the units digit of u?
1
Suppose 17*a + 2133 = 26*a. What is the units digit of a?
7
Let g be ((-3)/(-12))/(1/(0 + 124)). Suppose 36*h = g*h + 770. What is the hundreds digit of h?
1
Let q(w) = 180*w**2 + 1. Let a be q(1). Let c = -84 + a. What is the units digit of c?
7
Let k(m) be the third derivative of m**6/120 - m**5/15 - m**4/6 - m**3/2 + m**2. Let t be k(5). Suppose -t*j - 2 = -4*j. What is the units digit of j?
1
Let u = -500 - -2316. What is the units digit of u?
6
Let w(n) be the third derivative of 119*n**5/60 + n**3/6 - 4*n**2. What is the units digit of w(1)?
0
Let z(q) = -32*q + 3*q**2 + 34*q + 0*q**2. What is the tens digit of z(-6)?
9
Let r be ((-40)/10)/(-1 + -1). Suppose 0*j - r*j = -3*l + 25, -5*j = 5*l. Suppose 0*u + 32 = l*u + q, -32 = -4*u - 4*q. What is the units digit of u?
6
Let m(c) = -c**3 + 5*c**2 - 2*c + 6. Let w(j) = -j + 5. Let y be w(1). What is the tens digit of m(y)?
1
Let f = 1596 - 608. What is the hundreds digit of f?
9
Suppose 762 + 482 = 4*k. What is the tens digit of k?
1
Let f = -247 + 378. Let y = 266 - f. What is the hundreds digit of y?
1
Suppose -5*k + 4*a + 5547 = 0, 5*k + 5*a - 5871 = -306. What is the tens digit of k?
1
Let l be (-1)/5 + 224/20. Suppose l = b - 12. Suppose -b - 83 = -2*v. What is the tens digit of v?
5
Suppose -3*t = 2*j - 1474, 3*j + 1023 = 3*t - 441. What is the hundreds digit of t?
4
Let i = 17 + 62. What is the tens digit of i - 2 - (-7 + 5)/(-1)?
7
What is the thousands digit of -67 + 72 + 1/(3/8583)?
2
Let r = -23 + 32. Let j(g) = -2*g**2 - 14*g + 6. Let o(u) = -5*u**2 - 41*u + 17. Let d(n) = 8*j(n) - 3*o(n). What is the tens digit of d(r)?
1
Suppose 0 = -12309*y + 12317*y - 21000. What is the tens digit of y?
2
Let k = -56 - -61. Suppose 74 - 94 = -k*m. What is the units digit of m?
4
Suppose 2*u - 6*u + 1072 = 0. Suppose -u = -s - 3*s. What is the units digit of s?
7
Let l = -79 - -81. Suppose 0 = 11*v - l*v - 1170. What is the tens digit of v?
3
Suppose -64 + 19 = -d. Let c = 95 + -91. Let i = d - c. What is the units digit of i?
1
Let t = 52 - 50. Suppose 0 = q + 3*b + 7, 5*q - 5*b = 2*q + 21. Suppose t*z + a = q*a + 59, a = z - 31. What is the units digit of z?
8
Let v = 82 - -382. What is the hundreds digit of v?
4
Suppose -2*p = 4*a + a - 1846, 3*p = -a + 364. What is the hundreds digit of a?
3
Suppose z - 1 = 2*v, -6*v + 2*v - 4*z - 20 = 0. Let g be 10/4 - (-1)/v. Suppose 3*x + g*x - 15 = 0. What is the units digit of x?
3
Let c(w) = -56*w + 27*w + 20*w + w**2 + 7. Let g = -13 - -22. What is the units digit of c(g)?
7
Let c(q) = -23*q - 10. Let u be 3*1 - (15 + -7 + 3). What is the units digit of c(u)?
4
Suppose -2 = -2*f, -3*a + 14 - 3 = 5*f. Let g(c) = -13*c**2 - 2*c. Let y be g(a). Let w = 110 + y. What is the units digit of w?
4
Let u = -5 + 34. Suppose -5*l - 56 = -4*o - 3*l, -2*l = 2*o - 16. Let x = u - o. What is the units digit of x?
7
Let d be (-6)/(-8) + (-594)/24. Let k be (d/30)/(2/25). What is the units digit of 4 + -1 - 0/k?
3
Let z(b) = b**3 + 11*b**2 + 11*b + 10. Let o be 102/(-10) - (-1)/5. Let v be z(o). Suppose -p + d + 8 + 21 = v, -2*d = -3*p + 90. What is the units digit of p?
2
Let o(l) = -22*l - 1. Let x(y) = -y**3 - 4*y**2 - 1. Let z be x(-4). Let c be o(z). Let u = c + -4. What is the units digit of u?
7
Suppose -9 = -3*d + 3. Suppose -t + 0 = -j - 74, 20 = d*t. What is the tens digit of j/(-4) - (-8)/(-32)?
1
Let i(c) = -c**2 + 21 + 2*c + 2*c + 12*c - 8. Let b be i(17). What is the units digit of (-26)/b - 1/(-2)?
7
Let b(t) = 3*t**3 + 9*t**2 - t. Let m(c) = -7*c**3 - 19*c**2 + 3*c. Let y(s) = 10*b(s) + 4*m(s). What is the units digit of y(-6)?
0
Let y = -1230 + 3102. What is the tens digit of y?
7
Let v = -369 - -638. Suppose 5*z - 4*h - v = 0, -z + 3*z - 102 = 3*h. What is the units digit of z?
7
Suppose -3*j + 18 = 4*r, -2 = 5*j + 2*r - 32. Suppose -j = d - 3. What is the tens digit of 4 - -19 - d/(-1)?
2
Suppose 5*d - 140 = t + 2*t, 4*d - 4*t = 120. Suppose 14*s - 9*s - d = 0. Suppose 4*f + 6 - 20 = 2*a, 5 = -2*f + s*a. What is the units digit of f?
5
Let t be 3*(2 - 24/9) - -3. What is the hundreds digit of 1*101/t - (-1 + -1)?
1
Let s(h) = -361*h - 59. What is the tens digit of s(-2)?
6
Suppose 2*q - 10 = -2*r - 72, 0 = 2*q - 4*r + 62. Let y be 796/18 - 2/9. Let n = y + q. What is the tens digit of n?
1
Let v be -4 - -2 - (1 + -372). Suppose 4*m - 373 = -5*w + m, -5*w + v = 4*m. What is the units digit of w?
7
Suppose -5*p = -2*p - 6. Let r(v) = 20*v**2 + 4*v. What is the units digit of r(p)?
8
Let h = 2047 + -1282. Suppose -25*t - h = -28*t. What is the tens digit of t?
5
Let o(i) = i**2 - 14*i - 36. Let a be o(18). Suppose -s - a + 331 = 0. What is the units digit of s?
5
Suppose 21 = 2*f - 3. Let y = -9 + f. Suppose 2*p = y + 7. What is the units digit of p?
5
Suppose -22*y = -26*y - 4. What is the units digit of 102/3 - (-2 + y)?
7
Let v = 375 - 156. What is the tens digit of v?
1
Let u(h) = -7*h - 2. Let j(d) = 17*d - 5. Let r be j(2). Suppose -5*o + 4 = r. What is the tens digit of u(o)?
3
Let d be (-11)/(-33) + 3754/6. Let b = -327 + d. What is the tens digit of b?
9
Suppose -8 = -2*d + 2. Suppose -2*r + 5*k = -4*r + 129, -3*k + 313 = d*r. What is the units digit of r?
2
Let q(x) = -x**2 - 3*x - 3. Let v be q(-4). What is the units digit of v + (-12)/(-3) -